{"id":244,"date":"2020-07-05T10:45:19","date_gmt":"2020-07-05T08:45:19","guid":{"rendered":"https:\/\/fortea.sytes.net\/pun\/?page_id=244"},"modified":"2022-09-28T10:22:43","modified_gmt":"2022-09-28T08:22:43","slug":"mal-de-cap","status":"publish","type":"page","link":"https:\/\/fortea.sytes.net\/pun\/mal-de-cap\/","title":{"rendered":"Mal de cap"},"content":{"rendered":"\t\t<div data-elementor-type=\"wp-page\" data-elementor-id=\"244\" class=\"elementor elementor-244\" data-elementor-post-type=\"page\">\n\t\t\t\t\t\t<section class=\"elementor-section elementor-top-section elementor-element elementor-element-4f07ff0 elementor-section-boxed elementor-section-height-default elementor-section-height-default\" data-id=\"4f07ff0\" data-element_type=\"section\" data-e-type=\"section\">\n\t\t\t\t\t\t<div class=\"elementor-container elementor-column-gap-default\">\n\t\t\t\t\t<div class=\"elementor-column elementor-col-100 elementor-top-column elementor-element elementor-element-1913788\" data-id=\"1913788\" data-element_type=\"column\" data-e-type=\"column\">\n\t\t\t<div class=\"elementor-widget-wrap elementor-element-populated\">\n\t\t\t\t\t\t<div class=\"elementor-element elementor-element-4fd07b3 elementor-widget elementor-widget-heading\" data-id=\"4fd07b3\" data-element_type=\"widget\" data-e-type=\"widget\" data-widget_type=\"heading.default\">\n\t\t\t\t<div class=\"elementor-widget-container\">\n\t\t\t\t\t<h2 class=\"elementor-heading-title elementor-size-default\">Mal de Cap<\/h2>\t\t\t\t<\/div>\n\t\t\t\t<\/div>\n\t\t\t\t\t<\/div>\n\t\t<\/div>\n\t\t\t\t\t<\/div>\n\t\t<\/section>\n\t\t\t\t<section class=\"elementor-section elementor-top-section elementor-element elementor-element-fd44714 elementor-section-boxed elementor-section-height-default elementor-section-height-default\" data-id=\"fd44714\" data-element_type=\"section\" data-e-type=\"section\">\n\t\t\t\t\t\t<div class=\"elementor-container elementor-column-gap-default\">\n\t\t\t\t\t<div class=\"elementor-column elementor-col-100 elementor-top-column elementor-element elementor-element-79c1bb1\" data-id=\"79c1bb1\" data-element_type=\"column\" data-e-type=\"column\">\n\t\t\t<div class=\"elementor-widget-wrap elementor-element-populated\">\n\t\t\t\t\t\t<div class=\"elementor-element elementor-element-d2f197c elementor-widget-divider--view-line elementor-widget elementor-widget-divider\" data-id=\"d2f197c\" data-element_type=\"widget\" data-e-type=\"widget\" data-widget_type=\"divider.default\">\n\t\t\t\t<div class=\"elementor-widget-container\">\n\t\t\t\t\t\t\t<div class=\"elementor-divider\">\n\t\t\t<span class=\"elementor-divider-separator\">\n\t\t\t\t\t\t<\/span>\n\t\t<\/div>\n\t\t\t\t\t\t<\/div>\n\t\t\t\t<\/div>\n\t\t\t\t<div class=\"elementor-element elementor-element-d59fb22 elementor-align-center elementor-widget elementor-widget-breadcrumbs\" data-id=\"d59fb22\" data-element_type=\"widget\" data-e-type=\"widget\" data-widget_type=\"breadcrumbs.default\">\n\t\t\t\t<div class=\"elementor-widget-container\">\n\t\t\t\t\t<p id=\"breadcrumbs\"><span><span><a href=\"https:\/\/fortea.sytes.net\/pun\/\">Inici<\/a><\/span><\/span><\/p>\t\t\t\t<\/div>\n\t\t\t\t<\/div>\n\t\t\t\t\t<\/div>\n\t\t<\/div>\n\t\t\t\t\t<\/div>\n\t\t<\/section>\n\t\t\t\t<section class=\"elementor-section elementor-top-section elementor-element elementor-element-c0e10f1 elementor-section-boxed elementor-section-height-default elementor-section-height-default\" data-id=\"c0e10f1\" data-element_type=\"section\" data-e-type=\"section\">\n\t\t\t\t\t\t<div class=\"elementor-container elementor-column-gap-default\">\n\t\t\t\t\t<div class=\"elementor-column elementor-col-100 elementor-top-column elementor-element elementor-element-5022893\" data-id=\"5022893\" data-element_type=\"column\" data-e-type=\"column\">\n\t\t\t<div class=\"elementor-widget-wrap elementor-element-populated\">\n\t\t\t\t\t\t<div class=\"elementor-element elementor-element-62286b4 elementor-widget elementor-widget-text-editor\" data-id=\"62286b4\" data-element_type=\"widget\" data-e-type=\"widget\" data-widget_type=\"text-editor.default\">\n\t\t\t\t<div class=\"elementor-widget-container\">\n\t\t\t\t\t\t\t\t\t<p><img fetchpriority=\"high\" decoding=\"async\" class=\"alignleft wp-image-382 size-medium\" src=\"https:\/\/fortea.sytes.net\/pun\/wp-content\/uploads\/2020\/07\/mal-de-cap-400-1-300x200.jpg\" alt=\"\" width=\"300\" height=\"200\" srcset=\"https:\/\/fortea.sytes.net\/pun\/wp-content\/uploads\/2020\/07\/mal-de-cap-400-1-300x200.jpg 300w, https:\/\/fortea.sytes.net\/pun\/wp-content\/uploads\/2020\/07\/mal-de-cap-400-1.jpg 400w\" sizes=\"(max-width: 300px) 100vw, 300px\" \/><\/p><p>El mal de cap o cefalea \u00e9s un dels trastorns m\u00e9s habituals del sistema nervi\u00f3s. Segons l\u2019Organitzaci\u00f3 Mundial de la Salut (OMS), la meitat de tots els adults han tingut almenys un episodi de mal de cap durant l\u2019\u00faltim any.<\/p><p>Podem trobar el mal de cap primari quan no existeix una causa que el provoqui, o secundari quan nom\u00e9s \u00e9s una manifestaci\u00f3 d\u2019una altra patologia.<\/p><p>Diferenciem el mal de cap de la migranya, considerant al mal de cap com un trastorn m\u00e9s lleu i f\u00e0cil de suportar-lo, i la migranya com una afectaci\u00f3 m\u00e9s greu i que dificulta el dia a dia del qui la pateix.<\/p>\t\t\t\t\t\t\t\t<\/div>\n\t\t\t\t<\/div>\n\t\t\t\t\t<\/div>\n\t\t<\/div>\n\t\t\t\t\t<\/div>\n\t\t<\/section>\n\t\t\t\t<section class=\"elementor-section elementor-top-section elementor-element elementor-element-ba15fc5 elementor-section-boxed elementor-section-height-default elementor-section-height-default\" data-id=\"ba15fc5\" data-element_type=\"section\" data-e-type=\"section\">\n\t\t\t\t\t\t<div class=\"elementor-container elementor-column-gap-default\">\n\t\t\t\t\t<div class=\"elementor-column elementor-col-100 elementor-top-column elementor-element elementor-element-1c4a172\" data-id=\"1c4a172\" data-element_type=\"column\" data-e-type=\"column\">\n\t\t\t<div class=\"elementor-widget-wrap elementor-element-populated\">\n\t\t\t\t\t\t<div class=\"elementor-element elementor-element-80f46fd elementor-widget elementor-widget-text-editor\" data-id=\"80f46fd\" data-element_type=\"widget\" data-e-type=\"widget\" data-widget_type=\"text-editor.default\">\n\t\t\t\t<div class=\"elementor-widget-container\">\n\t\t\t\t\t\t\t\t\t<p><strong><u>Caracter\u00edstiques de la Migranya<\/u><\/strong><\/p><ul><li>L\u2019inici de les migranyes \u00e9s al voltant de l\u2019adolesc\u00e8ncia.\u00a0<\/li><li>La crisi dura de 4 a 72 hores.<\/li><li>La caracter\u00edstica del dolor \u00e9s pulsatiu.<\/li><li>Empitjora amb el moviment, per aix\u00f2 requereix rep\u00f2s.<\/li><li>Les crisis s\u00f3n habituals i la persona apr\u00e8n a conviure amb elles, tot i que dificulten la vida quotidiana.<\/li><li>Pot anar precedit d\u2019algun signe con aura o sensibilitat lum\u00ednica.<\/li><li>No reacciona als analg\u00e8sics habituals.<\/li><li>Pot anar acompanyat de n\u00e0usees i v\u00f2mits.<\/li><li>L\u2019estimulaci\u00f3 de llums, sorolls i olors, poden agreujar-la.<\/li><\/ul><p><strong><u>Caracter\u00edstiques del Mal de cap o Cefalea<\/u><\/strong><\/p><ul><li>Pot apar\u00e8ixer de manera ocasional, tot i que tamb\u00e9 pot ser habitual.<\/li><li>La crisi pot durar de 30 minuts a una setmana.<\/li><li>No presenta un dolor pulsatiu.<\/li><li>Tot i que no \u00e9s agradable tenir un mal de cap, no dificulta la vida di\u00e0ria.<\/li><li>Reacciona als analg\u00e8sics.<\/li><\/ul><p><strong>MAL DE CAP DES DEL PUNT DE VISTA DE LA MEDICINA TRADICIONAL XINA<\/strong><\/p><p>Si tenim present la teoria del Yin-Yang i la teoria dels cinc elements, el mal de cap pot estar relacionat amb diverses opcions possibles de disharmonia, aix\u00ed la valoraci\u00f3 que realitzem al principi, ens ajuda a poder diferencia cada un dels casos.<\/p><p>Per a poder fer una valoraci\u00f3 des del punt de vista de la Medicina Tradicional Xina, tindrem present la localitzaci\u00f3, la intensitat del dolor i el moment del dia en el qual apareix el dolor, o en el qual \u00e9s m\u00e9s intens.<\/p><p><strong><u>Localitzaci\u00f3<\/u><\/strong><\/p><p>La localitzaci\u00f3 del dolor \u00e9s fonamental per poder diferenciar un mal de cap.\u00a0 Si tenim presents els meridians que recorren el cap, podem concretar on est\u00e0 localitzat el desequilibri.\u00a0 Si el mal de cap es manifesta de manera frontal, per el front hi passa el meridi\u00e0 d\u2019Estomac, aix\u00ed pot ser que els problemes digestius hi tinguin alguna cosa a veure.\u00a0 Si el mal de cap \u00e9s a la part lateral o ocular, tindr\u00e0 una relaci\u00f3 amb la tensi\u00f3 o amb l\u2019estr\u00e8s i ho associarem amb el meridi\u00e0 de Ves\u00edcula Biliar.\u00a0 Les diferents localitzacions s\u00f3n les seg\u00fcents:<\/p><ul><li>Part superior o v\u00e8rtex<\/li><li>Ambd\u00f3s laterals<\/li><li>Nom\u00e9s un lateral<\/li><li>Temples o just al costat dels ulls en la part externa<\/li><li>Frontal<\/li><li>Zona posterior ocular (darrera els ulls)<\/li><li>Zona occipital (zona de les cervicals)<\/li><li>Tot el cap<\/li><\/ul><p><strong><u>Tipus de dolor<\/u><\/strong><\/p><p>El dolor pot tenir diferents caracter\u00edstiques, \u00a0aix\u00f2 ens facilita tamb\u00e9\u00a0 poder diferenciar cada una de les cefalees.\u00a0 No \u00e9s el mateix tenir un mal de cap agut i fort, o tenir-lo lleu que gaireb\u00e9 no interfereix en el dia a dia del pacient.\u00a0 Els diferents tipus de dolor s\u00f3n els seg\u00fcents:<\/p><ul><li>Sord<\/li><li>Agut<\/li><li>Ford<\/li><li>Lleu<\/li><li>Punxant<\/li><li>Pulsatiu<\/li><li>Amb sensaci\u00f3 de pesades<\/li><li>Amb sensaci\u00f3 de casc<\/li><li>Inici de cop<\/li><li>Inici de manera gradual<\/li><\/ul><p>A nivell general un dolor que s\u2019inicia de cop, agut i fort ens indica un s\u00edndrome d\u2019exc\u00e9s, i un dolor lleu, sord i que s\u2019inicia de manera gradual, ens indica un s\u00edndrome de defici\u00e8ncia.<\/p><p><u><strong>Moment del dia que apareix o que \u00e9s m\u00e9s intens<\/strong> <\/u><\/p><p>El moment que es presenta el dolor tamb\u00e9 t\u00e9 la seva import\u00e0ncia per poder fer una bona valoraci\u00f3.\u00a0 Tot i que a vegades la mol\u00e8stia \u00e9s durant tot el dia, no sempre \u00e9s aix\u00ed. \u00a0Pot apar\u00e8ixer als matins, despr\u00e9s de menjar, a la tarda o durant la nit mentre la persona est\u00e0 dormint.<\/p><ul><li>Mat\u00ed<\/li><li>Abans de menjar<\/li><li>Despr\u00e9s de menjar<\/li><li>Tarda-nit<\/li><li>Durant la nit<\/li><\/ul><p><strong><u>Associat a una activitat<\/u><\/strong><\/p><p>Un mal de cap tamb\u00e9 pot estar relacionat amb la realitzaci\u00f3 d\u2019una activitat com menjar un tipus d\u2019aliments concret o en general en el proc\u00e9s de la digesti\u00f3, una tensi\u00f3 emocional, despr\u00e9s de mantenir relacions sexuals, fixar la vista en visi\u00f3 propera i fixar-la en visi\u00f3 llunyana entre altres.<\/p><ul><li>Menjar segons quin tipus d\u2019aliment<\/li><li>Moment de la digesti\u00f3<\/li><li>Tensi\u00f3 emocional<\/li><li>Mantenir relacions sexuals<\/li><li>Fixar la vista en visi\u00f3 propera<\/li><li>Fixar la vista en visi\u00f3 llunyana<\/li><\/ul><p>La localitzaci\u00f3, el tipus del dolor, el moment del dia en que apareix el dolor, i si va associat a alguna activitat, s\u00f3n primordials per poder realitzar correctament la valoraci\u00f3 d\u2019una cefalea o mal de cap, ens permet trobar quin \u00e9s l\u2019origen del desequilibri, i com a conseq\u00fc\u00e8ncia aplicar el tractament m\u00e9s adequat en cada un dels casos.<\/p>\t\t\t\t\t\t\t\t<\/div>\n\t\t\t\t<\/div>\n\t\t\t\t\t<\/div>\n\t\t<\/div>\n\t\t\t\t\t<\/div>\n\t\t<\/section>\n\t\t\t\t<\/div>\n\t\t","protected":false},"excerpt":{"rendered":"<p>Mal de Cap El mal de cap o cefalea \u00e9s un dels trastorns m\u00e9s habituals del sistema nervi\u00f3s. Segons l\u2019Organitzaci\u00f3 Mundial de la Salut (OMS), la meitat de tots els adults han tingut almenys un episodi de mal de cap durant l\u2019\u00faltim any. Podem trobar el mal de cap primari quan no existeix una causa [&hellip;]<\/p>\n","protected":false},"author":1,"featured_media":0,"parent":0,"menu_order":0,"comment_status":"closed","ping_status":"closed","template":"","meta":{"site-sidebar-layout":"no-sidebar","site-content-layout":"page-builder","ast-site-content-layout":"","site-content-style":"default","site-sidebar-style":"default","ast-global-header-display":"","ast-banner-title-visibility":"","ast-main-header-display":"","ast-hfb-above-header-display":"","ast-hfb-below-header-display":"","ast-hfb-mobile-header-display":"","site-post-title":"disabled","ast-breadcrumbs-content":"","ast-featured-img":"disabled","footer-sml-layout":"","theme-transparent-header-meta":"default","adv-header-id-meta":"","stick-header-meta":"default","header-above-stick-meta":"","header-main-stick-meta":"","header-below-stick-meta":"","astra-migrate-meta-layouts":"default","ast-page-background-enabled":"default","ast-page-background-meta":{"desktop":{"background-color":"","background-image":"","background-repeat":"repeat","background-position":"center center","background-size":"auto","background-attachment":"scroll","background-type":"","background-media":"","overlay-type":"","overlay-color":"","overlay-opacity":"","overlay-gradient":""},"tablet":{"background-color":"","background-image":"","background-repeat":"repeat","background-position":"center center","background-size":"auto","background-attachment":"scroll","background-type":"","background-media":"","overlay-type":"","overlay-color":"","overlay-opacity":"","overlay-gradient":""},"mobile":{"background-color":"","background-image":"","background-repeat":"repeat","background-position":"center center","background-size":"auto","background-attachment":"scroll","background-type":"","background-media":"","overlay-type":"","overlay-color":"","overlay-opacity":"","overlay-gradient":""}},"ast-content-background-meta":{"desktop":{"background-color":"var(--ast-global-color-5)","background-image":"","background-repeat":"repeat","background-position":"center center","background-size":"auto","background-attachment":"scroll","background-type":"","background-media":"","overlay-type":"","overlay-color":"","overlay-opacity":"","overlay-gradient":""},"tablet":{"background-color":"var(--ast-global-color-5)","background-image":"","background-repeat":"repeat","background-position":"center center","background-size":"auto","background-attachment":"scroll","background-type":"","background-media":"","overlay-type":"","overlay-color":"","overlay-opacity":"","overlay-gradient":""},"mobile":{"background-color":"var(--ast-global-color-5)","background-image":"","background-repeat":"repeat","background-position":"center center","background-size":"auto","background-attachment":"scroll","background-type":"","background-media":"","overlay-type":"","overlay-color":"","overlay-opacity":"","overlay-gradient":""}},"footnotes":""},"class_list":["post-244","page","type-page","status-publish","hentry"],"yoast_head":"<!-- This site is optimized with the Yoast SEO plugin v27.0 - https:\/\/yoast.com\/product\/yoast-seo-wordpress\/ -->\n<title>Mal de cap | Punt Salut<\/title>\n<meta name=\"robots\" content=\"index, follow, max-snippet:-1, max-image-preview:large, max-video-preview:-1\" \/>\n<link rel=\"canonical\" href=\"https:\/\/fortea.sytes.net\/pun\/mal-de-cap\/\" \/>\n<meta property=\"og:locale\" content=\"ca_ES\" \/>\n<meta property=\"og:type\" content=\"article\" \/>\n<meta property=\"og:title\" content=\"Mal de cap | Punt Salut\" \/>\n<meta property=\"og:description\" content=\"Mal de Cap El mal de cap o cefalea \u00e9s un dels trastorns m\u00e9s habituals del sistema nervi\u00f3s. Segons l\u2019Organitzaci\u00f3 Mundial de la Salut (OMS), la meitat de tots els adults han tingut almenys un episodi de mal de cap durant l\u2019\u00faltim any. Podem trobar el mal de cap primari quan no existeix una causa [&hellip;]\" \/>\n<meta property=\"og:url\" content=\"https:\/\/fortea.sytes.net\/pun\/mal-de-cap\/\" \/>\n<meta property=\"og:site_name\" content=\"Punt Salut\" \/>\n<meta property=\"article:modified_time\" content=\"2022-09-28T08:22:43+00:00\" \/>\n<meta property=\"og:image\" content=\"https:\/\/fortea.sytes.net\/pun\/wp-content\/uploads\/2020\/07\/mal-de-cap-400-1-300x200.jpg\" \/>\n<meta name=\"twitter:card\" content=\"summary_large_image\" \/>\n<meta name=\"twitter:label1\" content=\"Temps estimat de lectura\" \/>\n\t<meta name=\"twitter:data1\" content=\"5 minuts\" \/>\n<script type=\"application\/ld+json\" class=\"yoast-schema-graph\">{\"@context\":\"https:\/\/schema.org\",\"@graph\":[{\"@type\":\"WebPage\",\"@id\":\"https:\/\/fortea.sytes.net\/pun\/mal-de-cap\/\",\"url\":\"https:\/\/fortea.sytes.net\/pun\/mal-de-cap\/\",\"name\":\"Mal de cap | Punt Salut\",\"isPartOf\":{\"@id\":\"https:\/\/fortea.sytes.net\/pun\/#website\"},\"primaryImageOfPage\":{\"@id\":\"https:\/\/fortea.sytes.net\/pun\/mal-de-cap\/#primaryimage\"},\"image\":{\"@id\":\"https:\/\/fortea.sytes.net\/pun\/mal-de-cap\/#primaryimage\"},\"thumbnailUrl\":\"https:\/\/fortea.sytes.net\/pun\/wp-content\/uploads\/2020\/07\/mal-de-cap-400-1-300x200.jpg\",\"datePublished\":\"2020-07-05T08:45:19+00:00\",\"dateModified\":\"2022-09-28T08:22:43+00:00\",\"breadcrumb\":{\"@id\":\"https:\/\/fortea.sytes.net\/pun\/mal-de-cap\/#breadcrumb\"},\"inLanguage\":\"ca\",\"potentialAction\":[{\"@type\":\"ReadAction\",\"target\":[\"https:\/\/fortea.sytes.net\/pun\/mal-de-cap\/\"]}]},{\"@type\":\"ImageObject\",\"inLanguage\":\"ca\",\"@id\":\"https:\/\/fortea.sytes.net\/pun\/mal-de-cap\/#primaryimage\",\"url\":\"https:\/\/fortea.sytes.net\/pun\/wp-content\/uploads\/2020\/07\/mal-de-cap-400-1.jpg\",\"contentUrl\":\"https:\/\/fortea.sytes.net\/pun\/wp-content\/uploads\/2020\/07\/mal-de-cap-400-1.jpg\",\"width\":400,\"height\":267,\"caption\":\"Imatge mal de cap\"},{\"@type\":\"BreadcrumbList\",\"@id\":\"https:\/\/fortea.sytes.net\/pun\/mal-de-cap\/#breadcrumb\",\"itemListElement\":[{\"@type\":\"ListItem\",\"position\":1,\"name\":\"Inici\",\"item\":\"https:\/\/fortea.sytes.net\/pun\/\"},{\"@type\":\"ListItem\",\"position\":2,\"name\":\"Mal de cap\"}]},{\"@type\":\"WebSite\",\"@id\":\"https:\/\/fortea.sytes.net\/pun\/#website\",\"url\":\"https:\/\/fortea.sytes.net\/pun\/\",\"name\":\"Punt Salut\",\"description\":\"Centre de ter\u00e0pies naturals\",\"publisher\":{\"@id\":\"https:\/\/fortea.sytes.net\/pun\/#organization\"},\"potentialAction\":[{\"@type\":\"SearchAction\",\"target\":{\"@type\":\"EntryPoint\",\"urlTemplate\":\"https:\/\/fortea.sytes.net\/pun\/?s={search_term_string}\"},\"query-input\":{\"@type\":\"PropertyValueSpecification\",\"valueRequired\":true,\"valueName\":\"search_term_string\"}}],\"inLanguage\":\"ca\"},{\"@type\":\"Organization\",\"@id\":\"https:\/\/fortea.sytes.net\/pun\/#organization\",\"name\":\"Puntsalut\",\"url\":\"https:\/\/fortea.sytes.net\/pun\/\",\"logo\":{\"@type\":\"ImageObject\",\"inLanguage\":\"ca\",\"@id\":\"https:\/\/fortea.sytes.net\/pun\/#\/schema\/logo\/image\/\",\"url\":\"https:\/\/fortea.sytes.net\/pun\/wp-content\/uploads\/2020\/07\/cropped-logo-220-rosa-220x74-1.jpg\",\"contentUrl\":\"https:\/\/fortea.sytes.net\/pun\/wp-content\/uploads\/2020\/07\/cropped-logo-220-rosa-220x74-1.jpg\",\"width\":220,\"height\":74,\"caption\":\"Puntsalut\"},\"image\":{\"@id\":\"https:\/\/fortea.sytes.net\/pun\/#\/schema\/logo\/image\/\"}}]}<\/script>\n<!-- \/ Yoast SEO plugin. -->","yoast_head_json":{"title":"Mal de cap | Punt Salut","robots":{"index":"index","follow":"follow","max-snippet":"max-snippet:-1","max-image-preview":"max-image-preview:large","max-video-preview":"max-video-preview:-1"},"canonical":"https:\/\/fortea.sytes.net\/pun\/mal-de-cap\/","og_locale":"ca_ES","og_type":"article","og_title":"Mal de cap | Punt Salut","og_description":"Mal de Cap El mal de cap o cefalea \u00e9s un dels trastorns m\u00e9s habituals del sistema nervi\u00f3s. Segons l\u2019Organitzaci\u00f3 Mundial de la Salut (OMS), la meitat de tots els adults han tingut almenys un episodi de mal de cap durant l\u2019\u00faltim any. Podem trobar el mal de cap primari quan no existeix una causa [&hellip;]","og_url":"https:\/\/fortea.sytes.net\/pun\/mal-de-cap\/","og_site_name":"Punt Salut","article_modified_time":"2022-09-28T08:22:43+00:00","og_image":[{"url":"https:\/\/fortea.sytes.net\/pun\/wp-content\/uploads\/2020\/07\/mal-de-cap-400-1-300x200.jpg","type":"","width":"","height":""}],"twitter_card":"summary_large_image","twitter_misc":{"Temps estimat de lectura":"5 minuts"},"schema":{"@context":"https:\/\/schema.org","@graph":[{"@type":"WebPage","@id":"https:\/\/fortea.sytes.net\/pun\/mal-de-cap\/","url":"https:\/\/fortea.sytes.net\/pun\/mal-de-cap\/","name":"Mal de cap | Punt Salut","isPartOf":{"@id":"https:\/\/fortea.sytes.net\/pun\/#website"},"primaryImageOfPage":{"@id":"https:\/\/fortea.sytes.net\/pun\/mal-de-cap\/#primaryimage"},"image":{"@id":"https:\/\/fortea.sytes.net\/pun\/mal-de-cap\/#primaryimage"},"thumbnailUrl":"https:\/\/fortea.sytes.net\/pun\/wp-content\/uploads\/2020\/07\/mal-de-cap-400-1-300x200.jpg","datePublished":"2020-07-05T08:45:19+00:00","dateModified":"2022-09-28T08:22:43+00:00","breadcrumb":{"@id":"https:\/\/fortea.sytes.net\/pun\/mal-de-cap\/#breadcrumb"},"inLanguage":"ca","potentialAction":[{"@type":"ReadAction","target":["https:\/\/fortea.sytes.net\/pun\/mal-de-cap\/"]}]},{"@type":"ImageObject","inLanguage":"ca","@id":"https:\/\/fortea.sytes.net\/pun\/mal-de-cap\/#primaryimage","url":"https:\/\/fortea.sytes.net\/pun\/wp-content\/uploads\/2020\/07\/mal-de-cap-400-1.jpg","contentUrl":"https:\/\/fortea.sytes.net\/pun\/wp-content\/uploads\/2020\/07\/mal-de-cap-400-1.jpg","width":400,"height":267,"caption":"Imatge mal de cap"},{"@type":"BreadcrumbList","@id":"https:\/\/fortea.sytes.net\/pun\/mal-de-cap\/#breadcrumb","itemListElement":[{"@type":"ListItem","position":1,"name":"Inici","item":"https:\/\/fortea.sytes.net\/pun\/"},{"@type":"ListItem","position":2,"name":"Mal de cap"}]},{"@type":"WebSite","@id":"https:\/\/fortea.sytes.net\/pun\/#website","url":"https:\/\/fortea.sytes.net\/pun\/","name":"Punt Salut","description":"Centre de ter\u00e0pies naturals","publisher":{"@id":"https:\/\/fortea.sytes.net\/pun\/#organization"},"potentialAction":[{"@type":"SearchAction","target":{"@type":"EntryPoint","urlTemplate":"https:\/\/fortea.sytes.net\/pun\/?s={search_term_string}"},"query-input":{"@type":"PropertyValueSpecification","valueRequired":true,"valueName":"search_term_string"}}],"inLanguage":"ca"},{"@type":"Organization","@id":"https:\/\/fortea.sytes.net\/pun\/#organization","name":"Puntsalut","url":"https:\/\/fortea.sytes.net\/pun\/","logo":{"@type":"ImageObject","inLanguage":"ca","@id":"https:\/\/fortea.sytes.net\/pun\/#\/schema\/logo\/image\/","url":"https:\/\/fortea.sytes.net\/pun\/wp-content\/uploads\/2020\/07\/cropped-logo-220-rosa-220x74-1.jpg","contentUrl":"https:\/\/fortea.sytes.net\/pun\/wp-content\/uploads\/2020\/07\/cropped-logo-220-rosa-220x74-1.jpg","width":220,"height":74,"caption":"Puntsalut"},"image":{"@id":"https:\/\/fortea.sytes.net\/pun\/#\/schema\/logo\/image\/"}}]}},"_links":{"self":[{"href":"https:\/\/fortea.sytes.net\/pun\/wp-json\/wp\/v2\/pages\/244","targetHints":{"allow":["GET"]}}],"collection":[{"href":"https:\/\/fortea.sytes.net\/pun\/wp-json\/wp\/v2\/pages"}],"about":[{"href":"https:\/\/fortea.sytes.net\/pun\/wp-json\/wp\/v2\/types\/page"}],"author":[{"embeddable":true,"href":"https:\/\/fortea.sytes.net\/pun\/wp-json\/wp\/v2\/users\/1"}],"replies":[{"embeddable":true,"href":"https:\/\/fortea.sytes.net\/pun\/wp-json\/wp\/v2\/comments?post=244"}],"version-history":[{"count":0,"href":"https:\/\/fortea.sytes.net\/pun\/wp-json\/wp\/v2\/pages\/244\/revisions"}],"wp:attachment":[{"href":"https:\/\/fortea.sytes.net\/pun\/wp-json\/wp\/v2\/media?parent=244"}],"curies":[{"name":"wp","href":"https:\/\/api.w.org\/{rel}","templated":true}]}}